 -3100?
-13202
In base 2, what is 10010001001 + 100011110?
10110100111
In base 8, what is -4643601 + 1?
-4643600
In base 12, what is 138310 - 9?
138303
In base 11, what is 4004 - -18a?
4193
In base 7, what is 14 + 1304?
1321
In base 10, what is 5 - -251241?
251246
In base 2, what is 0 - -10010000011011?
10010000011011
In base 9, what is -302231 + -1?
-302232
In base 5, what is 1 + 4013343?
4013344
In base 15, what is 3 + d770?
d773
In base 15, what is 2 + -1053?
-1051
In base 12, what is 23a05 - 3?
23a02
In base 11, what is a - 2a209?
-2a1aa
In base 9, what is 2713 - -1601?
4414
In base 4, what is 3223122010 - -11?
3223122021
In base 14, what is 18a - -1601?
178b
In base 9, what is 10 - 5306?
-5286
In base 16, what is 243b - 22?
2419
In base 11, what is 3396 - -3?
3399
In base 6, what is 31212 - 141?
31031
In base 10, what is -45 - -16?
-29
In base 10, what is -111388 + 2?
-111386
In base 7, what is 23653 + -1?
23652
In base 6, what is 3004051 + -10?
3004041
In base 13, what is 15 + 1c23?
1c38
In base 5, what is 3 - 100212432?
-100212424
In base 11, what is -15 + -41171?
-41186
In base 14, what is 7 + 168?
171
In base 5, what is -4134441 - 102?
-4140043
In base 8, what is -112 - -12625?
12513
In base 8, what is -17710667 + -1?
-17710670
In base 3, what is -12122100 + -120221?
-20020021
In base 9, what is 77647 - -5?
77653
In base 5, what is 20223 - -4321?
30044
In base 12, what is -80a4b - 4?
-80a53
In base 13, what is 1 + -671c?
-671b
In base 4, what is 0 + -1013210?
-1013210
In base 5, what is -141 + -3442314?
-3443010
In base 14, what is 984874 + 0?
984874
In base 7, what is -113 + 1130?
1014
In base 8, what is -11 + 2131?
2120
In base 3, what is 210101 + -12020?
121011
In base 13, what is 463 - 2099?
-1936
In base 7, what is -5 + -35640?
-35645
In base 5, what is 120443314 + -10?
120443304
In base 7, what is -4012 - 10?
-4022
In base 14, what is 73 + 1bdd?
1c72
In base 3, what is -111 - 111211211?
-111212022
In base 5, what is 11024 + -1033?
4441
In base 6, what is 3114 + -3252?
-134
In base 16, what is -2d1e - -230?
-2aee
In base 13, what is -2 - -a88?
a86
In base 4, what is -3 - -201213?
201210
In base 5, what is 13142241 + -112?
13142124
In base 6, what is -424 + 1025?
201
In base 11, what is 403 - 1a4?
20a
In base 7, what is -44623 - 2?
-44625
In base 4, what is -111122220 + -10?
-111122230
In base 7, what is -40016 - 1014?
-41033
In base 5, what is -121 + 1141?
1020
In base 2, what is -111011110 - 1110?
-111101100
In base 6, what is 40551 + -5?
40542
In base 8, what is 272 - -151?
443
In base 11, what is 5 - 4aa2?
-4a98
In base 13, what is -14 + -32120?
-32134
In base 9, what is -80886 - -145?
-80741
In base 15, what is 188 + 1a1?
339
In base 13, what is 0 - 20477?
-20477
In base 13, what is 186a71 + 2?
186a73
In base 13, what is 29a45 + 0?
29a45
In base 12, what is 69266 + 1?
69267
In base 12, what is -3bb96 - 0?
-3bb96
In base 16, what is 1 + -abd?
-abc
In base 16, what is 10cb + 5?
10d0
In base 3, what is -112 + 20110101?
20102212
In base 11, what is 2 + -6709?
-6707
In base 4, what is 123 - -22310?
23033
In base 3, what is -1110 - 10020210201?
-10020212011
In base 16, what is 1 + a90?
a91
In base 5, what is -10103 - -4133?
-420
In base 15, what is 938b - -25?
93b1
In base 9, what is -25313 + 6?
-25306
In base 15, what is -7 + -77eaa?
-77eb2
In base 5, what is -2 + -14111332?
-14111334
In base 15, what is -1ba6 - -23?
-1b83
In base 7, what is 263 + 51036?
51332
In base 14, what is 2 + -36a31?
-36a2d
In base 6, what is -11432 + -1443?
-13315
In base 11, what is -4868 + 217?
-4651
In base 10, what is 5 - -1405?
1410
In base 6, what is -1232 - -55?
-1133
In base 2, what is -10101110000 + 11000101?
-10010101011
In base 14, what is 80b + -1?
80a
In base 5, what is 3 - 32241003?
-32241000
In base 13, what is -1092 + -12?
-10a4
In base 7, what is -1063 + 146?
-614
In base 11, what is -310 - -20?
-2a0
In base 9, what is 24 + -13220?
-13185
In base 14, what is -80c1 - a5?
-8186
In base 3, what is -10200 - -101112011?
101101111
In base 3, what is -12 - -101111020?
101111001
In base 6, what is -33340 + 103?
-33233
In base 13, what is -28 - bc0?
-c18
In base 10, what is 21112 + 7?
21119
In base 6, what is -452401 - -13?
-452344
In base 7, what is 1013 + 35413?
36426
In base 3, what is -12220010 + -212?
-12220222
In base 6, what is -212 - 150350?
-151002
In base 3, what is -1121020212 - 1112?
-1121022101
In base 3, what is 1122212221002 + -10?
1122212220222
In base 2, what is 100 + -1010100110100110?
-1010100110100010
In base 16, what is 2d52 + -4?
2d4e
In base 4, what is 320 + -23132?
-22212
In base 4, what is -131301032 + -11?
-131301103
In base 6, what is 2 + -2421423?
-2421421
In base 2, what is 1010011000010001101 - 100?
1010011000010001001
In base 6, what is 3 + -20414?
-20411
In base 4, what is -30012 - 20?
-30032
In base 11, what is 50a68 + 53?
51010
In base 9, what is -2603 + 184?
-2408
In base 14, what is 13aa3c + -5?
13aa37
In base 9, what is 3541 + -4?
3536
In base 7, what is 30330 + 312?
30642
In base 13, what is -263b866 + 5?
-263b861
In base 4, what is 302 - -11103?
12011
In base 14, what is -63a3 + 14?
-638d
In base 15, what is -3 + 23d5b?
23d58
In base 8, what is -4 + -253521?
-253525
In base 7, what is 44303 + 12?
44315
In base 3, what is -12011 - 220000?
-1002011
In base 14, what is 3 - 81a?
-817
In base 5, what is 3 + 2303311?
2303314
In base 10, what is 442 + -1876?
-1434
In base 16, what is -50135 + -2?
-50137
In base 8, what is 277 - 211?
66
In base 8, what is 21216366 + 3?
21216371
In base 9, what is 45474 - 3?
45471
In base 7, what is 111 + 3252?
3363
In base 5, what is -3 - -41112?
41104
In base 9, what is 3 + -7167?
-7164
In base 12, what is -2 + -13953?
-13955
In base 2, what is 1001 + 1101110011010?
1101110100011
In base 3, what is 201211000220 - -10?
201211001000
In base 14, what is 496 - -7a?
532
In base 13, what is 1c2861 + 4?
1c2865
In base 11, what is 518 - 55?
473
In base 4, what is -120 + 1202310?
1202130
In base 2, what is 101 + -11011011010?
-11011010101
In base 7, what is -23632 + 46?
-23553
In base 7, what is -1123500 - -2?
-1123465
In base 5, what is 21 - 40421?
-40400
In base 7, what is 12 + 106314?
106326
In base 10, what is -50 - 66?
-116
In base 15, what is -a8 + 777?
6be
In base 12, what is 2 - 1a911?
-1a90b
In base 11, what is 21 - 4a927?
-4a906
In base 7, what is -1533653 + -10?
-1533663
In base 4, what is -1132 - -11103311?
11102113
In base 12, what is 1 + -5752?
-5751
In base 15, what is -ae + -943?
-a02
In base 2, what is 101 + -100110011100010001?
-100110011100001100
In base 14, what is cb5 - -90?
d65
In base 15, what is -3b - -991?
955
In base 8, what is -12140 - -321?
-11617
In base 14, what is 5 - 51710?
-51709
In base 12, what is -11607 - 20?
-11627
In base 16, what is -933 + 5?
-92e
In base 4, what is -1121300 - 310?
-1122210
In base 14, what is -741b + -5?
-7422
In base 3, what is -100001120 + 1020?
-100000100
In base 16, what is -2 + 121b?
1219
In base 9, what is -2 + 16408?
16406
In base 5, what is -2042303 + 12?
-2042241
In base 10, what is 15820 - -29?
15849
In base 14, what is -8b9 - -65?
-854
In base 5, what is -4 + 3141002?
3140443
In base 5, what is -214034 - -14?
-214020
In base 14, what is 55 + -7d1?
-77a
In base 6, what is -415 - 50?
-505
In base 15, what is -29a3 - -1?
-29a2
In base 16, what is 5 + -1c6c1?
-1c6bc
In base 13, what is 40a69 + -7?
40a62
In base 9, what is 31286 - -7?
31304
In base 3, what is -102 + 1022201020?
1022200211
In base 16, what is -5 + -31f6d?
-31f72
In base 8, what is -1 - 1317034?
-1317035
In base 12, what is 1b58 + 161?
20b9
In base 8, what is -4 + 272776?
272772
In base 7, what is -22410 + 5?
-22402
In base 15, what is 3c - -41e?
45b
In base 7, what is -344536 - -4?
-344532
In base 6, what is -143 - 24404?
-24551
In base 5, what is -2101 - -1114343?
1112242
In base 7, what is 3310 + -12?
3265
In base 3, what is -11 - -200200120?
200200102
In base 15, what is -44434 - 4?
-44438
In base 12, what is -828 - -143?
-6a5
In base 11, what is 55a35 + -3?
55a32
In base 5, what is 111242 + 1?
111243
In base 14, what is 19 - -466?
481
In base 16, what is -2a - -91?
67
In base 13, what is -42b3c - -2c?
-42b10
In base 5, what is -4 + 141403?
141344
In base 